s the tens digit of z?
3
Let u(b) = -91*b + 11. What is the units digit of u(-1)?
2
Let x(b) = -9*b + 2. What is the tens digit of x(-2)?
2
Suppose c - 12 = -3*c. Suppose -v = -c*v + 6. Suppose -5*k + 3*i = -v*k - 17, -2*i - 13 = -3*k. What is the units digit of k?
1
Let d be (-6)/5*20/(-6). Suppose 80 = -0*b + d*b. Let r = b - 11. What is the units digit of r?
9
Let s = -117 + 390. What is the units digit of s?
3
Let r(t) = t**2 + 13*t + 17. What is the tens digit of r(-15)?
4
Let x be -3 - (-14)/(3 + -1). Let l = x + -1. What is the units digit of l?
3
Let z(v) = -2*v + 1 + 1 + v. Let d be z(-3). Suppose -d*b - 2*c = -57 - 11, -5*b = 3*c - 72. What is the tens digit of b?
1
Let m(v) be the first derivative of -v**3/3 + 3*v**2 + 3*v - 2. Let p be m(7). Let o(h) = -h**3 - 4*h**2 - 3*h - 5. What is the units digit of o(p)?
7
What is the units digit of ((-15)/(-2))/((-21)/(-112))?
0
Let o be (2*-25)/(-2)*5. Suppose o = 4*t - 63. What is the tens digit of t?
4
What is the units digit of ((-15)/5 - -9) + 2?
8
Suppose 2*l = -3*q + 18, 0 = -q - 0*l - l + 7. What is the units digit of q?
4
What is the tens digit of 2*(84/8 + 1)?
2
Let k be -4 + 3 + (-2 - -1). Let f = 1 - k. Suppose 0 = -f*j + j + 22. What is the tens digit of j?
1
Suppose 4*z = a - 3, 15 = -5*z + 5*a - 0. Suppose z*p + 4*p = 3*s + 199, 5*s + 25 = 0. What is the tens digit of p?
4
Let b(y) = -4*y - 2 + y**2 + 4*y. Let i be b(2). Suppose 0 = i*l - 4*o + 8, -30 = -5*l - 2*o - 2. What is the units digit of l?
4
Suppose -s - 4*p + 86 = 0, -2*s + 5*p = -4*s + 166. What is the tens digit of s?
7
Suppose 104 = 3*a - a. Suppose -a = -0*g - 4*g. What is the units digit of g?
3
Let l be ((-1)/2 + 2)*8. Let q = 5 + l. Suppose q = 4*p - 15. What is the units digit of p?
8
Let n(r) = 14*r**2 + 2*r - 3. What is the units digit of n(-3)?
7
Let b(p) = -p - 6. Let r be b(-8). Suppose -4*n = -3*n - r. Let h(v) = 2*v**2 - 2*v - 1. What is the units digit of h(n)?
3
Suppose 495 = -3*o + 8*o. What is the tens digit of o?
9
Let p(f) = -f**2 + 10*f + 1. Let o be (7 - 0) + 0/5. What is the tens digit of p(o)?
2
Suppose 19 = a - 35. What is the tens digit of a?
5
Let i(d) = -8*d - 39 + 31 + 4*d. What is the tens digit of i(-8)?
2
What is the tens digit of (-3 - -2)/((-10)/240)?
2
Suppose -j - 2*j = 0. Suppose j = 4*o - 12 - 4. What is the units digit of o?
4
Suppose 7*x - 3*x = 0. Suppose -5*c - 95 = -5*q - x*q, 3*c + 101 = 5*q. What is the units digit of q?
2
Let m be (-9)/3 - (-8)/1. Suppose 0 = 5*k + m*h - 180, -h + 0*h + 3 = 0. What is the units digit of k?
3
Suppose 39 = 4*z - 9. Suppose h - 3*h = -8. Suppose -h*s - g + 7 = 0, 3*s = -s + 4*g + z. What is the units digit of s?
2
Let f = -8 - -13. Let p(d) = d**2 - 2*d + 1. Let l be p(1). Let b = f - l. What is the units digit of b?
5
Let n = -271 - -115. Let f be (-2 - -18)*1/(-2). What is the tens digit of n/(-11) - f/(-44)?
1
Suppose -a + 0 + 6 = 0. Let i = a - -6. What is the units digit of i?
2
Let y = 15 - 19. Let p = 6 + y. What is the units digit of p?
2
Suppose -s = -4*k + 22, 0 = 2*k + 3*s - 7*s - 18. Let x = 15 + -4. Suppose -3*l + 2*h + 1 = 0, -3*l - k*h + x = -18. What is the units digit of l?
3
Let x = 13 + -9. Suppose 0 = 4*f, -t + 5*f - 1 = -5. Suppose -5*c + 10*c = t*p + 35, -4*p = x*c - 64. What is the tens digit of c?
1
Let z(l) = l**2 - 7*l + 6. Let r be z(7). Let c = r - -7. What is the tens digit of c?
1
Suppose -5*a = 3*r - 43, 1 = -4*r + 7*a - 2*a. Suppose r*j + 7 = o + 4*j, 5*o = 3*j + 35. What is the units digit of o?
7
Suppose 0 = 4*s - s - 114. What is the units digit of s?
8
Let g = 18 - 14. What is the units digit of g?
4
Let z(a) = 3*a**2 - 3*a. What is the tens digit of z(-3)?
3
Suppose -t - 3*t = -140. What is the tens digit of t?
3
Let x(r) = r**2 + 2*r - 2. Let i = -1 + 5. Suppose 2*b = b - t + 1, i*b - 5*t + 32 = 0. What is the units digit of x(b)?
1
Let h(k) = 12*k**2 - 3*k + 3. What is the tens digit of h(2)?
4
Let p be (-1)/((-9)/(-6) - 2). Suppose -p*s = w - 9, 14 = 4*w - 3*s - 0. Suppose -t - w*o + 10 = -4*t, o = t. What is the units digit of t?
5
Let u(n) = 6*n**2 + 9*n + 1. Let b(l) = -5*l**2 - 9*l. Let d(h) = -7*b(h) - 6*u(h). What is the units digit of d(6)?
2
Let c = -2 + 2. Let z(p) = -p + 2. Let q be z(0). Let d = c + q. What is the units digit of d?
2
Let h be 2/(-10) - (-3)/15. Suppose -3*k - s - 283 = -63, h = k + 4*s + 66. What is the units digit of k/(-8) - (-4)/(-16)?
9
Let p(u) = -4*u - 4. Suppose 2*x + f + 2*f = 0, x - 5*f = -13. Let w be p(x). What is the units digit of 5/(10/w)*2?
8
Let p(j) be the first derivative of 4*j**3/3 - 2*j**2 + 2*j + 1. Let f be p(2). Suppose -f = 5*l, -3*u - 2*l = -7*u + 8. What is the units digit of u?
1
What is the tens digit of 210 + (1 + -2)*5?
0
Let q(f) be the first derivative of -21*f**2/2 - 5*f + 9. What is the units digit of q(-2)?
7
Let y(t) = 2*t**3 - 3*t**2 - 3*t - 2. What is the units digit of y(3)?
6
Suppose 0*t = 2*t + 12. Let c be ((-10)/(-15))/(4/t). What is the units digit of 1 + (c - -8) + -2?
6
Let f = 10 + -6. What is the tens digit of (-1)/f - (-351)/12?
2
Suppose 18 = -3*y + 3*x, 6*y - y + 2*x + 16 = 0. Let a be (2/(-6))/(y/36). Suppose a*k - 8 - 7 = 0. What is the units digit of k?
5
Suppose 0 = -3*k + 3 + 45. What is the units digit of k?
6
What is the units digit of 4/14 + (-7)/((-294)/1878)?
5
Suppose -174 = -7*h - 538. What is the units digit of (-9)/(0 - 3) - h?
5
Let f(l) = -2*l**2 - 3*l**3 - l**2 + 4*l**2 - 1. Let y be f(-1). Suppose y*p = 11 + 13. What is the units digit of p?
8
Let n(f) = -f**2 + 2*f + 32. What is the tens digit of n(0)?
3
Suppose -1470 = 24*b - 29*b. What is the tens digit of b?
9
Let t(h) be the third derivative of -h**6/120 + h**5/15 + h**4/6 - h**3/6 - 2*h**2. Let q be t(5). What is the units digit of (-33)/q*(1 + 1)?
1
Suppose m = -2*z, 0*z + 3*m = -z + 10. Let f be 1/(z/4) + 29. Let n = f + -19. What is the units digit of n?
8
What is the tens digit of 140/(1 + 4) + 1?
2
Suppose 5*q = q + 252. What is the tens digit of q?
6
Let i = -8 - -11. Suppose -5*y + 2*y - i = 0. Let q = 9 - y. What is the tens digit of q?
1
Let h(i) = 28*i + 15. What is the hundreds digit of h(6)?
1
Let q = 63 + -36. What is the tens digit of q?
2
Suppose 190 + 202 = 7*n. What is the units digit of n?
6
Let r(h) = -h. Let i be r(-2). Let m = 2 - i. What is the units digit of -2*(2/(-4) - m)?
1
Suppose -5*m + 16 = -4. Suppose -m*x = -2*x + 4. What is the tens digit of (-36)/(-2) + 0/x?
1
Let r(u) = 10*u**2 - u - 1. Let m be r(-1). Let k = m + 3. What is the units digit of k?
3
Suppose -2*g + 359 = 3*g - x, 2*g = -2*x + 146. Suppose 5*r - 38 = g. What is the tens digit of r?
2
Let i = 63 + -40. Suppose -2*n = -i + 5. What is the units digit of n?
9
Suppose -5 = -p - 2. Suppose 0 = 4*o - p*o - 4. What is the units digit of o?
4
Suppose -d + 2*r + r = 0, -d + 16 = r. What is the units digit of d?
2
What is the units digit of 12/(-4 + (-33)/(-8))?
6
Let j(y) = -2*y**3 + y**3 + 10*y + 7*y**2 + 3 - 5. What is the units digit of j(8)?
4
Let h be (-2)/(-2) + (-2)/(-1). Suppose -2*u - h*u + 25 = 0. Suppose -2*a + a + u = 0. What is the units digit of a?
5
Suppose -2*v + 3*a = a - 10, 0 = -3*v + 4*a + 10. What is the units digit of v?
0
Suppose 4*h - 950 = -6*h. What is the tens digit of h?
9
Suppose 36 = -2*k - 0*k. Let r = 44 + k. What is the tens digit of r?
2
Let z be ((-1)/2)/(6/(-228)). Let h = -16 + z. What is the units digit of h?
3
Let u(m) = m**3 - 8*m**2 + 8*m + 6. Let n be u(7). Let d = n + -3. What is the tens digit of d?
1
Let i be 0 + -4 + (-832)/(-16). Let n = -28 + i. What is the units digit of n?
0
Let l = 5 - -47. Suppose -l = -5*c - 2*w, 4*c - 51 - 13 = 4*w. What is the tens digit of c?
1
Let y(a) = -2*a - 5. Let q be y(-4). Suppose 0 = -q*t - 0*t - 6, 5*g = -t - 32. What is the units digit of (4/g)/((-8)/36)?
3
Suppose 4*y = 3*y. Let k be -2 - (-8)/1 - y. Let u(j) = j**3 - 6*j**2 + 6. What is the units digit of u(k)?
6
Suppose -291 = -5*j + 3*k, k - 5*k - 48 = -j. What is the units digit of j?
0
Let n be 2/5 + (-115)/(-25). Let k = 1 - n. Let i = 5 - k. What is the units digit of i?
9
Let q be (-306)/8 + (-3)/4. Let z = q - -68. What is the tens digit of z?
2
Let p be 1 + (-2 - -1)*2. Let z be (-3)/6*-14 + p. What is the units d